{"id":99,"date":"2020-12-21T18:41:39","date_gmt":"2020-12-21T17:41:39","guid":{"rendered":"http:\/\/nowa22.phuanita.com\/?page_id=99"},"modified":"2023-03-17T18:22:14","modified_gmt":"2023-03-17T17:22:14","slug":"pooltak","status":"publish","type":"page","link":"https:\/\/www.phuanita.com\/swe\/pooltak\/","title":{"rendered":"Pooltak"},"content":{"rendered":"<p>[et_pb_section fb_built=&#8221;1&#8243; disabled_on=&#8221;on|on|off&#8221; _builder_version=&#8221;4.19.4&#8243; _module_preset=&#8221;default&#8221; custom_margin=&#8221;0px||0px||true|false&#8221; custom_padding=&#8221;0px||0px||true|false&#8221; locked=&#8221;off&#8221; global_colors_info=&#8221;{}&#8221;][et_pb_row use_custom_gutter=&#8221;on&#8221; gutter_width=&#8221;1&#8243; _builder_version=&#8221;4.19.4&#8243; _module_preset=&#8221;default&#8221; width=&#8221;100%&#8221; max_width=&#8221;100%&#8221; custom_margin=&#8221;0px||0px||true|false&#8221; custom_padding=&#8221;0px||0px||true|false&#8221; global_colors_info=&#8221;{}&#8221;][et_pb_column type=&#8221;4_4&#8243; _builder_version=&#8221;4.19.4&#8243; _module_preset=&#8221;default&#8221; global_colors_info=&#8221;{}&#8221;][et_pb_image src=&#8221;https:\/\/www.phuanita.com\/swe\/wp-content\/uploads\/2023\/01\/naglowek-zadaszenia-basenow.jpg&#8221; title_text=&#8221;naglowek-zadaszenia-basenow&#8221; align=&#8221;center&#8221; force_fullwidth=&#8221;on&#8221; _builder_version=&#8221;4.19.4&#8243; _module_preset=&#8221;default&#8221; custom_padding=&#8221;0px||0px||true|false&#8221; global_colors_info=&#8221;{}&#8221;][\/et_pb_image][\/et_pb_column][\/et_pb_row][\/et_pb_section][et_pb_section fb_built=&#8221;1&#8243; _builder_version=&#8221;4.16&#8243; _module_preset=&#8221;default&#8221; locked=&#8221;off&#8221; global_colors_info=&#8221;{}&#8221;][et_pb_row _builder_version=&#8221;4.16&#8243; _module_preset=&#8221;default&#8221; global_colors_info=&#8221;{}&#8221;][et_pb_column type=&#8221;4_4&#8243; _builder_version=&#8221;4.16&#8243; _module_preset=&#8221;default&#8221; global_colors_info=&#8221;{}&#8221;][et_pb_post_title meta=&#8221;off&#8221; featured_image=&#8221;off&#8221; _builder_version=&#8221;4.16&#8243; _module_preset=&#8221;default&#8221; global_colors_info=&#8221;{}&#8221;][\/et_pb_post_title][\/et_pb_column][\/et_pb_row][et_pb_row column_structure=&#8221;1_2,1_2&#8243; _builder_version=&#8221;4.16&#8243; _module_preset=&#8221;default&#8221; locked=&#8221;off&#8221; global_colors_info=&#8221;{}&#8221;][et_pb_column type=&#8221;1_2&#8243; _builder_version=&#8221;4.16&#8243; _module_preset=&#8221;default&#8221; global_colors_info=&#8221;{}&#8221;][et_pb_text _builder_version=&#8221;4.20.0&#8243; _module_preset=&#8221;default&#8221; global_colors_info=&#8221;{}&#8221;]<\/p>\n<p>Vi s\u00e4ljer stabila, skjutbara pool\u00f6verbyggnader-pooltak.<br \/>Pooltaket best\u00e5r av 2 till 7 sektioner. Vilka ar teleskopiskt hopf\u00e4llbara och skjutbara \u00e5t valfritt h\u00e5ll.<br \/>Konstruktionen best\u00e5r av specialdesignade aluminiumprofiler och kanalplast.<br \/>Varje sektion kan skjutas \u00e5t valfritt h\u00e5ll med hj\u00e4p av nylonhjul som g\u00e5r p\u00e5 glidskenor.<br \/>Genom att v\u00e4lja en l\u00e4ngre skena, m\u00f6jligg\u00f6rs en f\u00f6rskjutning utanf\u00f6r poollomr\u00e5det, f\u00f6r uppst\u00e4llning av pooltaket i fullt \u00f6ppet l\u00e4ge.<br \/>De st\u00f6rre pooltakens uppst\u00e4llningsplats kan med f\u00f6rdel anv\u00e4ndas som uterum.<br \/>Gavlarna ar demonteringsbara och f\u00f6sedda med l\u00e5sbar d\u00f6rr.<\/p>\n<p>[\/et_pb_text][et_pb_button button_url=&#8221;https:\/\/www.phuanita.com\/swe\/pooltak\/offert\/&#8221; button_text=&#8221;l\u00e4s mer&#8221; _builder_version=&#8221;4.20.2&#8243; _module_preset=&#8221;default&#8221; custom_margin=&#8221;0px||||false|false&#8221; custom_margin_tablet=&#8221;||4rem||false|false&#8221; custom_margin_phone=&#8221;||||false|false&#8221; custom_margin_last_edited=&#8221;on|tablet&#8221; custom_padding=&#8221;||||false|false&#8221; hover_enabled=&#8221;0&#8243; locked=&#8221;off&#8221; global_colors_info=&#8221;{}&#8221; sticky_enabled=&#8221;0&#8243;][\/et_pb_button][\/et_pb_column][et_pb_column type=&#8221;1_2&#8243; _builder_version=&#8221;4.16&#8243; _module_preset=&#8221;default&#8221; global_colors_info=&#8221;{}&#8221;][et_pb_image src=&#8221;https:\/\/www.phuanita.com\/swe\/wp-content\/uploads\/2021\/02\/zadaszenie-basenu.jpg&#8221; title_text=&#8221;zadaszenie-basenu&#8221; show_in_lightbox=&#8221;on&#8221; use_overlay=&#8221;on&#8221; overlay_icon_color=&#8221;#FFFFFF&#8221; hover_overlay_color=&#8221;rgba(255,255,255,0.23)&#8221; hover_icon=&#8221;&#x55;||divi||400&#8243; _builder_version=&#8221;4.16&#8243; _module_preset=&#8221;default&#8221; locked=&#8221;off&#8221; global_colors_info=&#8221;{}&#8221;][\/et_pb_image][\/et_pb_column][\/et_pb_row][et_pb_row column_structure=&#8221;1_2,1_2&#8243; _builder_version=&#8221;4.16&#8243; _module_preset=&#8221;default&#8221; locked=&#8221;off&#8221; global_colors_info=&#8221;{}&#8221;][et_pb_column type=&#8221;1_2&#8243; _builder_version=&#8221;4.16&#8243; _module_preset=&#8221;default&#8221; global_colors_info=&#8221;{}&#8221;][et_pb_image src=&#8221;https:\/\/www.phuanita.com\/swe\/wp-content\/uploads\/2021\/02\/zadaszenie-basenu-2.jpg&#8221; title_text=&#8221;zadaszenie-basenu-2&#8243; show_in_lightbox=&#8221;on&#8221; use_overlay=&#8221;on&#8221; overlay_icon_color=&#8221;#FFFFFF&#8221; hover_overlay_color=&#8221;rgba(255,255,255,0.23)&#8221; hover_icon=&#8221;&#x55;||divi||400&#8243; _builder_version=&#8221;4.16&#8243; _module_preset=&#8221;default&#8221; locked=&#8221;off&#8221; global_colors_info=&#8221;{}&#8221;][\/et_pb_image][\/et_pb_column][et_pb_column type=&#8221;1_2&#8243; _builder_version=&#8221;4.16&#8243; _module_preset=&#8221;default&#8221; global_colors_info=&#8221;{}&#8221;][et_pb_text _builder_version=&#8221;4.20.0&#8243; _module_preset=&#8221;default&#8221; custom_margin=&#8221;||5px|||&#8221; global_colors_info=&#8221;{}&#8221;]<\/p>\n<h3>Kom ih\u00e5g att varje pooltak:<\/h3>\n<ul>\n<li>h\u00f6jer s\u00e4kerheten for barn och husdjur<\/li>\n<li>sparar tid och pengar genom f\u00f6renklad underh\u00e5ll<\/li>\n<li>f\u00f6rlanger bads\u00e4songen<\/li>\n<li>reglerar v\u00e4rmen i poolen<\/li>\n<li>h\u00f6jer vattenkvaliten genom att f\u00f6rhindra f\u00f6rorening av vattnet<\/li>\n<li>minskar kemikaliekostnaderna med upp till 50%<\/li>\n<li>skyddar poolen mot l\u00f6v, grenar, gr\u00e4s och sand<\/li>\n<li>fungerar b\u00e5de som vinter- och sommart\u00e4ckning<\/li>\n<li>s\u00e4nker uppv\u00e4rmningskostnaderna<\/li>\n<li>syddar poolen mot UV-str\u00e5lning, frostskador och f\u00f6rsurning.<\/li>\n<\/ul>\n<p>[\/et_pb_text][et_pb_button button_url=&#8221;https:\/\/www.phuanita.com\/swe\/pooltak\/offert\/&#8221; button_text=&#8221;l\u00e4s mer&#8221; _builder_version=&#8221;4.20.2&#8243; _module_preset=&#8221;default&#8221; custom_margin=&#8221;0px||||false|false&#8221; custom_margin_tablet=&#8221;||4rem||false|false&#8221; custom_margin_phone=&#8221;||||false|false&#8221; custom_margin_last_edited=&#8221;on|tablet&#8221; custom_padding=&#8221;||||false|false&#8221; hover_enabled=&#8221;0&#8243; locked=&#8221;off&#8221; global_colors_info=&#8221;{}&#8221; sticky_enabled=&#8221;0&#8243;][\/et_pb_button][\/et_pb_column][\/et_pb_row][\/et_pb_section]<\/p>\n","protected":false},"excerpt":{"rendered":"<p>Vi s\u00e4ljer stabila, skjutbara pool\u00f6verbyggnader-pooltak.Pooltaket best\u00e5r av 2 till 7 sektioner. Vilka ar teleskopiskt hopf\u00e4llbara och skjutbara \u00e5t valfritt h\u00e5ll.Konstruktionen best\u00e5r av specialdesignade aluminiumprofiler och kanalplast.Varje sektion kan skjutas \u00e5t valfritt h\u00e5ll med hj\u00e4p av nylonhjul som g\u00e5r p\u00e5 glidskenor.Genom att v\u00e4lja en l\u00e4ngre skena, m\u00f6jligg\u00f6rs en f\u00f6rskjutning utanf\u00f6r poollomr\u00e5det, f\u00f6r uppst\u00e4llning av pooltaket i [&hellip;]<\/p>\n","protected":false},"author":1,"featured_media":0,"parent":0,"menu_order":0,"comment_status":"closed","ping_status":"closed","template":"","meta":{"_et_pb_use_builder":"on","_et_pb_old_content":"","_et_gb_content_width":"","footnotes":""},"tags":[],"class_list":["post-99","page","type-page","status-publish","hentry"],"yoast_head":"<!-- This site is optimized with the Yoast SEO plugin v27.5 - https:\/\/yoast.com\/product\/yoast-seo-wordpress\/ -->\n<title>Pooltak - PHU Anita<\/title>\n<meta name=\"robots\" content=\"index, follow, max-snippet:-1, max-image-preview:large, max-video-preview:-1\" \/>\n<link rel=\"canonical\" href=\"https:\/\/www.phuanita.com\/swe\/pooltak\/\" \/>\n<meta property=\"og:locale\" content=\"en_US\" \/>\n<meta property=\"og:type\" content=\"article\" \/>\n<meta property=\"og:title\" content=\"Pooltak - PHU Anita\" \/>\n<meta property=\"og:description\" content=\"Vi s\u00e4ljer stabila, skjutbara pool\u00f6verbyggnader-pooltak.Pooltaket best\u00e5r av 2 till 7 sektioner. Vilka ar teleskopiskt hopf\u00e4llbara och skjutbara \u00e5t valfritt h\u00e5ll.Konstruktionen best\u00e5r av specialdesignade aluminiumprofiler och kanalplast.Varje sektion kan skjutas \u00e5t valfritt h\u00e5ll med hj\u00e4p av nylonhjul som g\u00e5r p\u00e5 glidskenor.Genom att v\u00e4lja en l\u00e4ngre skena, m\u00f6jligg\u00f6rs en f\u00f6rskjutning utanf\u00f6r poollomr\u00e5det, f\u00f6r uppst\u00e4llning av pooltaket i [&hellip;]\" \/>\n<meta property=\"og:url\" content=\"https:\/\/www.phuanita.com\/swe\/pooltak\/\" \/>\n<meta property=\"og:site_name\" content=\"PHU Anita\" \/>\n<meta property=\"article:modified_time\" content=\"2023-03-17T17:22:14+00:00\" \/>\n<meta name=\"twitter:card\" content=\"summary_large_image\" \/>\n<meta name=\"twitter:label1\" content=\"Est. reading time\" \/>\n\t<meta name=\"twitter:data1\" content=\"2 minutes\" \/>\n<script type=\"application\/ld+json\" class=\"yoast-schema-graph\">{\"@context\":\"https:\\\/\\\/schema.org\",\"@graph\":[{\"@type\":\"WebPage\",\"@id\":\"https:\\\/\\\/www.phuanita.com\\\/swe\\\/pooltak\\\/\",\"url\":\"https:\\\/\\\/www.phuanita.com\\\/swe\\\/pooltak\\\/\",\"name\":\"Pooltak - PHU Anita\",\"isPartOf\":{\"@id\":\"https:\\\/\\\/www.phuanita.com\\\/swe\\\/#website\"},\"datePublished\":\"2020-12-21T17:41:39+00:00\",\"dateModified\":\"2023-03-17T17:22:14+00:00\",\"breadcrumb\":{\"@id\":\"https:\\\/\\\/www.phuanita.com\\\/swe\\\/pooltak\\\/#breadcrumb\"},\"inLanguage\":\"en-US\",\"potentialAction\":[{\"@type\":\"ReadAction\",\"target\":[\"https:\\\/\\\/www.phuanita.com\\\/swe\\\/pooltak\\\/\"]}]},{\"@type\":\"BreadcrumbList\",\"@id\":\"https:\\\/\\\/www.phuanita.com\\\/swe\\\/pooltak\\\/#breadcrumb\",\"itemListElement\":[{\"@type\":\"ListItem\",\"position\":1,\"name\":\"Strona g\u0142\u00f3wna\",\"item\":\"https:\\\/\\\/www.phuanita.com\\\/swe\\\/\"},{\"@type\":\"ListItem\",\"position\":2,\"name\":\"Pooltak\"}]},{\"@type\":\"WebSite\",\"@id\":\"https:\\\/\\\/www.phuanita.com\\\/swe\\\/#website\",\"url\":\"https:\\\/\\\/www.phuanita.com\\\/swe\\\/\",\"name\":\"PHU Anita\",\"description\":\"\",\"potentialAction\":[{\"@type\":\"SearchAction\",\"target\":{\"@type\":\"EntryPoint\",\"urlTemplate\":\"https:\\\/\\\/www.phuanita.com\\\/swe\\\/?s={search_term_string}\"},\"query-input\":{\"@type\":\"PropertyValueSpecification\",\"valueRequired\":true,\"valueName\":\"search_term_string\"}}],\"inLanguage\":\"en-US\"}]}<\/script>\n<!-- \/ Yoast SEO plugin. -->","yoast_head_json":{"title":"Pooltak - PHU Anita","robots":{"index":"index","follow":"follow","max-snippet":"max-snippet:-1","max-image-preview":"max-image-preview:large","max-video-preview":"max-video-preview:-1"},"canonical":"https:\/\/www.phuanita.com\/swe\/pooltak\/","og_locale":"en_US","og_type":"article","og_title":"Pooltak - PHU Anita","og_description":"Vi s\u00e4ljer stabila, skjutbara pool\u00f6verbyggnader-pooltak.Pooltaket best\u00e5r av 2 till 7 sektioner. Vilka ar teleskopiskt hopf\u00e4llbara och skjutbara \u00e5t valfritt h\u00e5ll.Konstruktionen best\u00e5r av specialdesignade aluminiumprofiler och kanalplast.Varje sektion kan skjutas \u00e5t valfritt h\u00e5ll med hj\u00e4p av nylonhjul som g\u00e5r p\u00e5 glidskenor.Genom att v\u00e4lja en l\u00e4ngre skena, m\u00f6jligg\u00f6rs en f\u00f6rskjutning utanf\u00f6r poollomr\u00e5det, f\u00f6r uppst\u00e4llning av pooltaket i [&hellip;]","og_url":"https:\/\/www.phuanita.com\/swe\/pooltak\/","og_site_name":"PHU Anita","article_modified_time":"2023-03-17T17:22:14+00:00","twitter_card":"summary_large_image","twitter_misc":{"Est. reading time":"2 minutes"},"schema":{"@context":"https:\/\/schema.org","@graph":[{"@type":"WebPage","@id":"https:\/\/www.phuanita.com\/swe\/pooltak\/","url":"https:\/\/www.phuanita.com\/swe\/pooltak\/","name":"Pooltak - PHU Anita","isPartOf":{"@id":"https:\/\/www.phuanita.com\/swe\/#website"},"datePublished":"2020-12-21T17:41:39+00:00","dateModified":"2023-03-17T17:22:14+00:00","breadcrumb":{"@id":"https:\/\/www.phuanita.com\/swe\/pooltak\/#breadcrumb"},"inLanguage":"en-US","potentialAction":[{"@type":"ReadAction","target":["https:\/\/www.phuanita.com\/swe\/pooltak\/"]}]},{"@type":"BreadcrumbList","@id":"https:\/\/www.phuanita.com\/swe\/pooltak\/#breadcrumb","itemListElement":[{"@type":"ListItem","position":1,"name":"Strona g\u0142\u00f3wna","item":"https:\/\/www.phuanita.com\/swe\/"},{"@type":"ListItem","position":2,"name":"Pooltak"}]},{"@type":"WebSite","@id":"https:\/\/www.phuanita.com\/swe\/#website","url":"https:\/\/www.phuanita.com\/swe\/","name":"PHU Anita","description":"","potentialAction":[{"@type":"SearchAction","target":{"@type":"EntryPoint","urlTemplate":"https:\/\/www.phuanita.com\/swe\/?s={search_term_string}"},"query-input":{"@type":"PropertyValueSpecification","valueRequired":true,"valueName":"search_term_string"}}],"inLanguage":"en-US"}]}},"_links":{"self":[{"href":"https:\/\/www.phuanita.com\/swe\/wp-json\/wp\/v2\/pages\/99","targetHints":{"allow":["GET"]}}],"collection":[{"href":"https:\/\/www.phuanita.com\/swe\/wp-json\/wp\/v2\/pages"}],"about":[{"href":"https:\/\/www.phuanita.com\/swe\/wp-json\/wp\/v2\/types\/page"}],"author":[{"embeddable":true,"href":"https:\/\/www.phuanita.com\/swe\/wp-json\/wp\/v2\/users\/1"}],"replies":[{"embeddable":true,"href":"https:\/\/www.phuanita.com\/swe\/wp-json\/wp\/v2\/comments?post=99"}],"version-history":[{"count":7,"href":"https:\/\/www.phuanita.com\/swe\/wp-json\/wp\/v2\/pages\/99\/revisions"}],"predecessor-version":[{"id":238706,"href":"https:\/\/www.phuanita.com\/swe\/wp-json\/wp\/v2\/pages\/99\/revisions\/238706"}],"wp:attachment":[{"href":"https:\/\/www.phuanita.com\/swe\/wp-json\/wp\/v2\/media?parent=99"}],"wp:term":[{"taxonomy":"post_tag","embeddable":true,"href":"https:\/\/www.phuanita.com\/swe\/wp-json\/wp\/v2\/tags?post=99"}],"curies":[{"name":"wp","href":"https:\/\/api.w.org\/{rel}","templated":true}]}}