{"id":710,"date":"2021-02-04T16:37:10","date_gmt":"2021-02-04T15:37:10","guid":{"rendered":"http:\/\/nowa22.phuanita.com\/?page_id=710"},"modified":"2023-02-27T16:25:12","modified_gmt":"2023-02-27T15:25:12","slug":"poolvarme","status":"publish","type":"page","link":"https:\/\/www.phuanita.com\/swe\/var-pool-teknologi\/tips-om-pooler\/poolvarme\/","title":{"rendered":"Poolv\u00e4rme"},"content":{"rendered":"<p>[et_pb_section fb_built=&#8221;1&#8243; _builder_version=&#8221;4.16&#8243; _module_preset=&#8221;default&#8221; locked=&#8221;off&#8221; global_colors_info=&#8221;{}&#8221; theme_builder_area=&#8221;post_content&#8221;][et_pb_row _builder_version=&#8221;4.16&#8243; _module_preset=&#8221;default&#8221; custom_margin=&#8221;||0px||false|false&#8221; custom_padding=&#8221;||0px||false|false&#8221; global_colors_info=&#8221;{}&#8221; theme_builder_area=&#8221;post_content&#8221;][et_pb_column type=&#8221;4_4&#8243; _builder_version=&#8221;4.16&#8243; _module_preset=&#8221;default&#8221; global_colors_info=&#8221;{}&#8221; theme_builder_area=&#8221;post_content&#8221;][et_pb_post_title meta=&#8221;off&#8221; featured_image=&#8221;off&#8221; _builder_version=&#8221;4.16&#8243; _module_preset=&#8221;default&#8221; global_colors_info=&#8221;{}&#8221; theme_builder_area=&#8221;post_content&#8221;][\/et_pb_post_title][\/et_pb_column][\/et_pb_row][et_pb_row column_structure=&#8221;1_2,1_2&#8243; use_custom_gutter=&#8221;on&#8221; gutter_width=&#8221;2&#8243; _builder_version=&#8221;4.16&#8243; _module_preset=&#8221;default&#8221; global_colors_info=&#8221;{}&#8221; theme_builder_area=&#8221;post_content&#8221;][et_pb_column type=&#8221;1_2&#8243; _builder_version=&#8221;4.16&#8243; _module_preset=&#8221;default&#8221; global_colors_info=&#8221;{}&#8221; theme_builder_area=&#8221;post_content&#8221;][et_pb_text _builder_version=&#8221;4.16&#8243; _module_preset=&#8221;default&#8221; global_colors_info=&#8221;{}&#8221; theme_builder_area=&#8221;post_content&#8221;]<\/p>\n<p>Det finns m\u00e4nniskor som m\u00e5r riktigt bra f\u00f6rst n\u00e4r de g\u00f6r ett isvak och tar ett riktigt uppfriskande bad. Betydligt oftare \u00f6nskar vi dock oss att bada i varmt vatten. Om vattnet i poolen ska ha 22 eller 28 grader C, \u00e4r en individuell smaksak. Vilka m\u00f6jligheter finns det d\u00e5 f\u00f6r att uppn\u00e5 detta. I det fall d\u00e5 en pool endast nyttjas sommartid borde v\u00e4rmen fr\u00e5n solen r\u00e4cka till.<\/p>\n<p>[\/et_pb_text][\/et_pb_column][et_pb_column type=&#8221;1_2&#8243; _builder_version=&#8221;4.16&#8243; _module_preset=&#8221;default&#8221; global_colors_info=&#8221;{}&#8221; theme_builder_area=&#8221;post_content&#8221;][et_pb_text _builder_version=&#8221;4.16&#8243; _module_preset=&#8221;default&#8221; global_colors_info=&#8221;{}&#8221; theme_builder_area=&#8221;post_content&#8221;]<\/p>\n<p>Men r\u00e4cker den verkligen till p\u00e5 v\u00e5ra breddgrader. F\u00f6rmodligen inte! D\u00e4rf\u00f6r b\u00f6r man betrakta solv\u00e4rmen som tillskottsv\u00e4rme. I poolinstallationer monteras oftast en v\u00e4rmev\u00e4xlare som kopplas till husets centralv\u00e4rme, eller s\u00e5 anv\u00e4nds elektrisk uppv\u00e4rmning. I simhallar \u00e4r det n\u00f6dv\u00e4ndigt att ha uppv\u00e4rmda bass\u00e4nger.<\/p>\n<p>[\/et_pb_text][\/et_pb_column][\/et_pb_row][et_pb_row column_structure=&#8221;1_2,1_2&#8243; use_custom_gutter=&#8221;on&#8221; gutter_width=&#8221;2&#8243; _builder_version=&#8221;4.16&#8243; _module_preset=&#8221;default&#8221; global_colors_info=&#8221;{}&#8221; theme_builder_area=&#8221;post_content&#8221;][et_pb_column type=&#8221;1_2&#8243; _builder_version=&#8221;4.16&#8243; _module_preset=&#8221;default&#8221; global_colors_info=&#8221;{}&#8221; theme_builder_area=&#8221;post_content&#8221;][et_pb_text _builder_version=&#8221;4.16&#8243; _module_preset=&#8221;default&#8221; global_colors_info=&#8221;{}&#8221; theme_builder_area=&#8221;post_content&#8221;]<\/p>\n<h3><strong>SOLF\u00c5NGARE<\/strong><\/h3>\n<p>Paneler eller mattor av konstmaterial installeras p\u00e5 hustaket eller p\u00e5 marken, i speciella ramar. Filtrets pump \u00f6ppnar vattnet till solf\u00e5ngarna d\u00e4r det blir uppv\u00e4rmt. Om solen inte skiner kommer vattenfl\u00f6det till solf\u00e5ngarna att st\u00e4ngas av med en speciell ventil. Det \u00e4r viktigt att noga dimensionera antalet paneler eller mattornas storlek.<\/p>\n<p>[\/et_pb_text][\/et_pb_column][et_pb_column type=&#8221;1_2&#8243; _builder_version=&#8221;4.16&#8243; _module_preset=&#8221;default&#8221; global_colors_info=&#8221;{}&#8221; theme_builder_area=&#8221;post_content&#8221;][et_pb_text _builder_version=&#8221;4.16&#8243; _module_preset=&#8221;default&#8221; global_colors_info=&#8221;{}&#8221; theme_builder_area=&#8221;post_content&#8221;]<\/p>\n<h3><strong>V\u00c4RMEV\u00c4XLARE<\/strong><\/h3>\n<p>Om Ni vill vara oberoende av solljuset b\u00f6r en v\u00e4rmev\u00e4xlare som kopplas till husets centralv\u00e4rmepanna installeras. Hett vatten fr\u00e5n pannan kommer in i v\u00e4rmev\u00e4xlarens r\u00f6rslinga. Bass\u00e4ngvattnet omger r\u00f6rslingan och v\u00e4rms upp n\u00e4r det passerar v\u00e4rmev\u00e4xlaren. Bass\u00e4ngvattnets temperatur m\u00e4ts av en temperatursensor. N\u00e4r r\u00e4tt temperatur har uppn\u00e5tts ger sensornen en signal till termostaten som st\u00e4nger av cirkulationen via centralv\u00e4rmepannan. Innan man best\u00e4mmer sig f\u00f6r att installera v\u00e4rmev\u00e4xlare b\u00f6r man ta h\u00e4nsyn till v\u00e4rmepannans effekt.<\/p>\n<p>[\/et_pb_text][\/et_pb_column][\/et_pb_row][et_pb_row column_structure=&#8221;1_2,1_2&#8243; use_custom_gutter=&#8221;on&#8221; gutter_width=&#8221;2&#8243; _builder_version=&#8221;4.16&#8243; _module_preset=&#8221;default&#8221; global_colors_info=&#8221;{}&#8221; theme_builder_area=&#8221;post_content&#8221;][et_pb_column type=&#8221;1_2&#8243; _builder_version=&#8221;4.16&#8243; _module_preset=&#8221;default&#8221; global_colors_info=&#8221;{}&#8221; theme_builder_area=&#8221;post_content&#8221;][et_pb_text _builder_version=&#8221;4.16&#8243; _module_preset=&#8221;default&#8221; global_colors_info=&#8221;{}&#8221; theme_builder_area=&#8221;post_content&#8221;]<\/p>\n<h3><strong>ELEKTRISK UPPV\u00c4RMNING<\/strong><\/h3>\n<p>Idealisk l\u00f6sning f\u00f6r sm\u00e5 bass\u00e4nger och kar. Funktionen \u00e4r lik den f\u00f6r v\u00e4rmev\u00e4xlare men i st\u00e4llet f\u00f6r en r\u00f6rslinga finns en elektrisk v\u00e4rmeslinga installerad. Under anv\u00e4ndandet av v\u00e4rmaren b\u00e4r man vara aktsam p\u00e5 att v\u00e4rmeslingan inte tar skada. Faktorer som bidrar till detta \u00e4r: h\u00f6g kalkhalt i vattnet, h\u00f6g koncentration av desinficeringsmedel, felaktig inkoppling fr\u00e5n elektriskt s\u00e5 v\u00e4l som hydrauliskt h\u00e5ll. Denna uppv\u00e4rmningsmetod rekommenderas endast d\u00e5 man inte har m\u00f6jlighet att anv\u00e4nda n\u00e5gon annan. Uppv\u00e4rmningskostnaderna blir h\u00f6ga.<\/p>\n<p>[\/et_pb_text][\/et_pb_column][et_pb_column type=&#8221;1_2&#8243; _builder_version=&#8221;4.16&#8243; _module_preset=&#8221;default&#8221; global_colors_info=&#8221;{}&#8221; theme_builder_area=&#8221;post_content&#8221;][\/et_pb_column][\/et_pb_row][\/et_pb_section]<\/p>\n","protected":false},"excerpt":{"rendered":"<p>Det finns m\u00e4nniskor som m\u00e5r riktigt bra f\u00f6rst n\u00e4r de g\u00f6r ett isvak och tar ett riktigt uppfriskande bad. Betydligt oftare \u00f6nskar vi dock oss att bada i varmt vatten. Om vattnet i poolen ska ha 22 eller 28 grader C, \u00e4r en individuell smaksak. Vilka m\u00f6jligheter finns det d\u00e5 f\u00f6r att uppn\u00e5 detta. I [&hellip;]<\/p>\n","protected":false},"author":1,"featured_media":0,"parent":69,"menu_order":0,"comment_status":"closed","ping_status":"closed","template":"","meta":{"_et_pb_use_builder":"on","_et_pb_old_content":"","_et_gb_content_width":"","footnotes":""},"tags":[35],"class_list":["post-710","page","type-page","status-publish","hentry","tag-porady-pielegnacyjne"],"yoast_head":"<!-- This site is optimized with the Yoast SEO plugin v27.5 - https:\/\/yoast.com\/product\/yoast-seo-wordpress\/ -->\n<title>Poolv\u00e4rme - PHU Anita<\/title>\n<meta name=\"robots\" content=\"index, follow, max-snippet:-1, max-image-preview:large, max-video-preview:-1\" \/>\n<link rel=\"canonical\" href=\"https:\/\/www.phuanita.com\/swe\/var-pool-teknologi\/tips-om-pooler\/poolvarme\/\" \/>\n<meta property=\"og:locale\" content=\"en_US\" \/>\n<meta property=\"og:type\" content=\"article\" \/>\n<meta property=\"og:title\" content=\"Poolv\u00e4rme - PHU Anita\" \/>\n<meta property=\"og:description\" content=\"Det finns m\u00e4nniskor som m\u00e5r riktigt bra f\u00f6rst n\u00e4r de g\u00f6r ett isvak och tar ett riktigt uppfriskande bad. Betydligt oftare \u00f6nskar vi dock oss att bada i varmt vatten. Om vattnet i poolen ska ha 22 eller 28 grader C, \u00e4r en individuell smaksak. Vilka m\u00f6jligheter finns det d\u00e5 f\u00f6r att uppn\u00e5 detta. I [&hellip;]\" \/>\n<meta property=\"og:url\" content=\"https:\/\/www.phuanita.com\/swe\/var-pool-teknologi\/tips-om-pooler\/poolvarme\/\" \/>\n<meta property=\"og:site_name\" content=\"PHU Anita\" \/>\n<meta property=\"article:modified_time\" content=\"2023-02-27T15:25:12+00:00\" \/>\n<meta name=\"twitter:card\" content=\"summary_large_image\" \/>\n<meta name=\"twitter:label1\" content=\"Est. reading time\" \/>\n\t<meta name=\"twitter:data1\" content=\"2 minutes\" \/>\n<script type=\"application\/ld+json\" class=\"yoast-schema-graph\">{\"@context\":\"https:\\\/\\\/schema.org\",\"@graph\":[{\"@type\":\"WebPage\",\"@id\":\"https:\\\/\\\/www.phuanita.com\\\/swe\\\/var-pool-teknologi\\\/tips-om-pooler\\\/poolvarme\\\/\",\"url\":\"https:\\\/\\\/www.phuanita.com\\\/swe\\\/var-pool-teknologi\\\/tips-om-pooler\\\/poolvarme\\\/\",\"name\":\"Poolv\u00e4rme - PHU Anita\",\"isPartOf\":{\"@id\":\"https:\\\/\\\/www.phuanita.com\\\/swe\\\/#website\"},\"datePublished\":\"2021-02-04T15:37:10+00:00\",\"dateModified\":\"2023-02-27T15:25:12+00:00\",\"breadcrumb\":{\"@id\":\"https:\\\/\\\/www.phuanita.com\\\/swe\\\/var-pool-teknologi\\\/tips-om-pooler\\\/poolvarme\\\/#breadcrumb\"},\"inLanguage\":\"en-US\",\"potentialAction\":[{\"@type\":\"ReadAction\",\"target\":[\"https:\\\/\\\/www.phuanita.com\\\/swe\\\/var-pool-teknologi\\\/tips-om-pooler\\\/poolvarme\\\/\"]}]},{\"@type\":\"BreadcrumbList\",\"@id\":\"https:\\\/\\\/www.phuanita.com\\\/swe\\\/var-pool-teknologi\\\/tips-om-pooler\\\/poolvarme\\\/#breadcrumb\",\"itemListElement\":[{\"@type\":\"ListItem\",\"position\":1,\"name\":\"Strona g\u0142\u00f3wna\",\"item\":\"https:\\\/\\\/www.phuanita.com\\\/swe\\\/\"},{\"@type\":\"ListItem\",\"position\":2,\"name\":\"V\u00e5r pool teknologi\",\"item\":\"https:\\\/\\\/www.phuanita.com\\\/swe\\\/var-pool-teknologi\\\/\"},{\"@type\":\"ListItem\",\"position\":3,\"name\":\"Tips om pooler\",\"item\":\"https:\\\/\\\/www.phuanita.com\\\/swe\\\/var-pool-teknologi\\\/tips-om-pooler\\\/\"},{\"@type\":\"ListItem\",\"position\":4,\"name\":\"Poolv\u00e4rme\"}]},{\"@type\":\"WebSite\",\"@id\":\"https:\\\/\\\/www.phuanita.com\\\/swe\\\/#website\",\"url\":\"https:\\\/\\\/www.phuanita.com\\\/swe\\\/\",\"name\":\"PHU Anita\",\"description\":\"\",\"potentialAction\":[{\"@type\":\"SearchAction\",\"target\":{\"@type\":\"EntryPoint\",\"urlTemplate\":\"https:\\\/\\\/www.phuanita.com\\\/swe\\\/?s={search_term_string}\"},\"query-input\":{\"@type\":\"PropertyValueSpecification\",\"valueRequired\":true,\"valueName\":\"search_term_string\"}}],\"inLanguage\":\"en-US\"}]}<\/script>\n<!-- \/ Yoast SEO plugin. -->","yoast_head_json":{"title":"Poolv\u00e4rme - PHU Anita","robots":{"index":"index","follow":"follow","max-snippet":"max-snippet:-1","max-image-preview":"max-image-preview:large","max-video-preview":"max-video-preview:-1"},"canonical":"https:\/\/www.phuanita.com\/swe\/var-pool-teknologi\/tips-om-pooler\/poolvarme\/","og_locale":"en_US","og_type":"article","og_title":"Poolv\u00e4rme - PHU Anita","og_description":"Det finns m\u00e4nniskor som m\u00e5r riktigt bra f\u00f6rst n\u00e4r de g\u00f6r ett isvak och tar ett riktigt uppfriskande bad. Betydligt oftare \u00f6nskar vi dock oss att bada i varmt vatten. Om vattnet i poolen ska ha 22 eller 28 grader C, \u00e4r en individuell smaksak. Vilka m\u00f6jligheter finns det d\u00e5 f\u00f6r att uppn\u00e5 detta. I [&hellip;]","og_url":"https:\/\/www.phuanita.com\/swe\/var-pool-teknologi\/tips-om-pooler\/poolvarme\/","og_site_name":"PHU Anita","article_modified_time":"2023-02-27T15:25:12+00:00","twitter_card":"summary_large_image","twitter_misc":{"Est. reading time":"2 minutes"},"schema":{"@context":"https:\/\/schema.org","@graph":[{"@type":"WebPage","@id":"https:\/\/www.phuanita.com\/swe\/var-pool-teknologi\/tips-om-pooler\/poolvarme\/","url":"https:\/\/www.phuanita.com\/swe\/var-pool-teknologi\/tips-om-pooler\/poolvarme\/","name":"Poolv\u00e4rme - PHU Anita","isPartOf":{"@id":"https:\/\/www.phuanita.com\/swe\/#website"},"datePublished":"2021-02-04T15:37:10+00:00","dateModified":"2023-02-27T15:25:12+00:00","breadcrumb":{"@id":"https:\/\/www.phuanita.com\/swe\/var-pool-teknologi\/tips-om-pooler\/poolvarme\/#breadcrumb"},"inLanguage":"en-US","potentialAction":[{"@type":"ReadAction","target":["https:\/\/www.phuanita.com\/swe\/var-pool-teknologi\/tips-om-pooler\/poolvarme\/"]}]},{"@type":"BreadcrumbList","@id":"https:\/\/www.phuanita.com\/swe\/var-pool-teknologi\/tips-om-pooler\/poolvarme\/#breadcrumb","itemListElement":[{"@type":"ListItem","position":1,"name":"Strona g\u0142\u00f3wna","item":"https:\/\/www.phuanita.com\/swe\/"},{"@type":"ListItem","position":2,"name":"V\u00e5r pool teknologi","item":"https:\/\/www.phuanita.com\/swe\/var-pool-teknologi\/"},{"@type":"ListItem","position":3,"name":"Tips om pooler","item":"https:\/\/www.phuanita.com\/swe\/var-pool-teknologi\/tips-om-pooler\/"},{"@type":"ListItem","position":4,"name":"Poolv\u00e4rme"}]},{"@type":"WebSite","@id":"https:\/\/www.phuanita.com\/swe\/#website","url":"https:\/\/www.phuanita.com\/swe\/","name":"PHU Anita","description":"","potentialAction":[{"@type":"SearchAction","target":{"@type":"EntryPoint","urlTemplate":"https:\/\/www.phuanita.com\/swe\/?s={search_term_string}"},"query-input":{"@type":"PropertyValueSpecification","valueRequired":true,"valueName":"search_term_string"}}],"inLanguage":"en-US"}]}},"_links":{"self":[{"href":"https:\/\/www.phuanita.com\/swe\/wp-json\/wp\/v2\/pages\/710","targetHints":{"allow":["GET"]}}],"collection":[{"href":"https:\/\/www.phuanita.com\/swe\/wp-json\/wp\/v2\/pages"}],"about":[{"href":"https:\/\/www.phuanita.com\/swe\/wp-json\/wp\/v2\/types\/page"}],"author":[{"embeddable":true,"href":"https:\/\/www.phuanita.com\/swe\/wp-json\/wp\/v2\/users\/1"}],"replies":[{"embeddable":true,"href":"https:\/\/www.phuanita.com\/swe\/wp-json\/wp\/v2\/comments?post=710"}],"version-history":[{"count":2,"href":"https:\/\/www.phuanita.com\/swe\/wp-json\/wp\/v2\/pages\/710\/revisions"}],"predecessor-version":[{"id":238332,"href":"https:\/\/www.phuanita.com\/swe\/wp-json\/wp\/v2\/pages\/710\/revisions\/238332"}],"up":[{"embeddable":true,"href":"https:\/\/www.phuanita.com\/swe\/wp-json\/wp\/v2\/pages\/69"}],"wp:attachment":[{"href":"https:\/\/www.phuanita.com\/swe\/wp-json\/wp\/v2\/media?parent=710"}],"wp:term":[{"taxonomy":"post_tag","embeddable":true,"href":"https:\/\/www.phuanita.com\/swe\/wp-json\/wp\/v2\/tags?post=710"}],"curies":[{"name":"wp","href":"https:\/\/api.w.org\/{rel}","templated":true}]}}