{"id":692,"date":"2021-02-04T16:32:06","date_gmt":"2021-02-04T15:32:06","guid":{"rendered":"http:\/\/nowa22.phuanita.com\/?page_id=692"},"modified":"2023-03-17T18:29:21","modified_gmt":"2023-03-17T17:29:21","slug":"sandfilter","status":"publish","type":"page","link":"https:\/\/www.phuanita.com\/swe\/var-pool-teknologi\/tips-om-pooler\/sandfilter\/","title":{"rendered":"Sandfilter"},"content":{"rendered":"<p>[et_pb_section fb_built=&#8221;1&#8243; _builder_version=&#8221;4.16&#8243; _module_preset=&#8221;default&#8221; locked=&#8221;off&#8221; global_colors_info=&#8221;{}&#8221;][et_pb_row _builder_version=&#8221;4.16&#8243; _module_preset=&#8221;default&#8221; custom_margin=&#8221;||0px||false|false&#8221; custom_padding=&#8221;||0px||false|false&#8221; global_colors_info=&#8221;{}&#8221;][et_pb_column type=&#8221;4_4&#8243; _builder_version=&#8221;4.16&#8243; _module_preset=&#8221;default&#8221; global_colors_info=&#8221;{}&#8221;][et_pb_post_title meta=&#8221;off&#8221; featured_image=&#8221;off&#8221; _builder_version=&#8221;4.16&#8243; _module_preset=&#8221;default&#8221; global_colors_info=&#8221;{}&#8221;][\/et_pb_post_title][\/et_pb_column][\/et_pb_row][et_pb_row column_structure=&#8221;1_2,1_2&#8243; use_custom_gutter=&#8221;on&#8221; gutter_width=&#8221;2&#8243; _builder_version=&#8221;4.16&#8243; _module_preset=&#8221;default&#8221; global_colors_info=&#8221;{}&#8221;][et_pb_column type=&#8221;1_2&#8243; _builder_version=&#8221;4.16&#8243; _module_preset=&#8221;default&#8221; global_colors_info=&#8221;{}&#8221;][et_pb_text _builder_version=&#8221;4.20.0&#8243; _module_preset=&#8221;default&#8221; hover_enabled=&#8221;0&#8243; global_colors_info=&#8221;{}&#8221; sticky_enabled=&#8221;0&#8243;]<\/p>\n<p>(G\u00e4ller sandfilter fr\u00e5n PHU  ANITA IMPORT-EXPORT; Swim-Tec)<\/p>\n<p><strong>1.FILTER (FILTERN)<\/strong><br \/>Den normala inst\u00e4llningen f\u00f6r filtret. Poolvattnet pumpas uppifr\u00e5n och ner genom sandfiltret och tillbaka till poolen.<\/p>\n<p><strong>2.BACKWASH (SPULEN)<\/strong><br \/>Denna inst\u00e4llning anv\u00e4nds f\u00f6r att spola rent filtret n\u00e4r det blir h\u00e5rt nedsmutsat. Poolvattnet pumpas in bakl\u00e4nges genom filtret och r\u00f6r upp sandb\u00e4dden s\u00e5 att f\u00f6roreningarna frig\u00f6rs och spolas ut via f\u00f6rdelaren till avloppet. Man f\u00f6rlorar allts\u00e5 vatten under backspolningsproceduren. Sanden h\u00e5lls dock kvar i tanken.<\/p>\n<p><strong>3.RINSE (NACHSPULEN)<\/strong><br \/>Anv\u00e4nds f\u00f6r att spola ut smuts ur r\u00f6rledningarna efter backspolning. Vattnet spolas i normal riktning genom filtret som i 1) med den skillnaden att vattnet g\u00e5r till avloppet i st\u00e4llet f\u00f6r tillbaka till poolen. Filtersanden l\u00e4ggs tillr\u00e4tta igen.<\/p>\n<p><strong>4.RECIRCULATE (ZIRKULIEREN)<\/strong><br \/>Till\u00e5ter cirkulation av poolvattnet utan att vattnet passerar filtertanken. Anv\u00e4nds om filtret \u00e4r ur funktion.<\/p>\n<p><strong>5.WASTE (ENTLEEREN)<\/strong><br \/>Vattnet pumpas fr\u00e5n poolen direkt till avloppet. Anv\u00e4nds f\u00f6r att s\u00e4nka vattenniv\u00e5n eller f\u00f6r bottensugning av grov smuts utan att belasta sandfiltret.<\/p>\n<p><strong>6.CLOSED (GESCHLOSSEN)<\/strong><br \/>Detta l\u00e4ge anv\u00e4nds endast d\u00e5 pumpen \u00e4r avst\u00e4ngd. Till\u00e5ter \u00f6ppning av pumpens lock f\u00f6r reng\u00f6ring av silen, f\u00f6rutsatt att ventilen mellan pump och pool ocks\u00e5 \u00e4r avst\u00e4ngd.<\/p>\n<p>Observera att pumpen alltid ska vara avst\u00e4ngd d\u00e5 filtrets ventil man\u00f6vreras.<\/p>\n<p>[\/et_pb_text][\/et_pb_column][et_pb_column type=&#8221;1_2&#8243; _builder_version=&#8221;4.16&#8243; _module_preset=&#8221;default&#8221; global_colors_info=&#8221;{}&#8221;][et_pb_image src=&#8221;https:\/\/www.phuanita.com\/swe\/wp-content\/uploads\/2021\/03\/filtr.jpg&#8221; _builder_version=&#8221;4.20.0&#8243; _module_preset=&#8221;default&#8221; hover_enabled=&#8221;0&#8243; sticky_enabled=&#8221;0&#8243;][\/et_pb_image][\/et_pb_column][\/et_pb_row][\/et_pb_section]<\/p>\n","protected":false},"excerpt":{"rendered":"<p>(G\u00e4ller sandfilter fr\u00e5n PHU ANITA IMPORT-EXPORT; Swim-Tec) 1.FILTER (FILTERN)Den normala inst\u00e4llningen f\u00f6r filtret. Poolvattnet pumpas uppifr\u00e5n och ner genom sandfiltret och tillbaka till poolen. 2.BACKWASH (SPULEN)Denna inst\u00e4llning anv\u00e4nds f\u00f6r att spola rent filtret n\u00e4r det blir h\u00e5rt nedsmutsat. Poolvattnet pumpas in bakl\u00e4nges genom filtret och r\u00f6r upp sandb\u00e4dden s\u00e5 att f\u00f6roreningarna frig\u00f6rs och spolas ut [&hellip;]<\/p>\n","protected":false},"author":1,"featured_media":0,"parent":69,"menu_order":0,"comment_status":"closed","ping_status":"closed","template":"","meta":{"_et_pb_use_builder":"on","_et_pb_old_content":"","_et_gb_content_width":"","footnotes":""},"tags":[35],"class_list":["post-692","page","type-page","status-publish","hentry","tag-porady-pielegnacyjne"],"yoast_head":"<!-- This site is optimized with the Yoast SEO plugin v27.5 - https:\/\/yoast.com\/product\/yoast-seo-wordpress\/ -->\n<title>Sandfilter - PHU Anita<\/title>\n<meta name=\"robots\" content=\"index, follow, max-snippet:-1, max-image-preview:large, max-video-preview:-1\" \/>\n<link rel=\"canonical\" href=\"https:\/\/www.phuanita.com\/swe\/var-pool-teknologi\/tips-om-pooler\/sandfilter\/\" \/>\n<meta property=\"og:locale\" content=\"en_US\" \/>\n<meta property=\"og:type\" content=\"article\" \/>\n<meta property=\"og:title\" content=\"Sandfilter - PHU Anita\" \/>\n<meta property=\"og:description\" content=\"(G\u00e4ller sandfilter fr\u00e5n PHU ANITA IMPORT-EXPORT; Swim-Tec) 1.FILTER (FILTERN)Den normala inst\u00e4llningen f\u00f6r filtret. Poolvattnet pumpas uppifr\u00e5n och ner genom sandfiltret och tillbaka till poolen. 2.BACKWASH (SPULEN)Denna inst\u00e4llning anv\u00e4nds f\u00f6r att spola rent filtret n\u00e4r det blir h\u00e5rt nedsmutsat. Poolvattnet pumpas in bakl\u00e4nges genom filtret och r\u00f6r upp sandb\u00e4dden s\u00e5 att f\u00f6roreningarna frig\u00f6rs och spolas ut [&hellip;]\" \/>\n<meta property=\"og:url\" content=\"https:\/\/www.phuanita.com\/swe\/var-pool-teknologi\/tips-om-pooler\/sandfilter\/\" \/>\n<meta property=\"og:site_name\" content=\"PHU Anita\" \/>\n<meta property=\"article:modified_time\" content=\"2023-03-17T17:29:21+00:00\" \/>\n<meta name=\"twitter:card\" content=\"summary_large_image\" \/>\n<meta name=\"twitter:label1\" content=\"Est. reading time\" \/>\n\t<meta name=\"twitter:data1\" content=\"3 minutes\" \/>\n<script type=\"application\/ld+json\" class=\"yoast-schema-graph\">{\"@context\":\"https:\\\/\\\/schema.org\",\"@graph\":[{\"@type\":\"WebPage\",\"@id\":\"https:\\\/\\\/www.phuanita.com\\\/swe\\\/var-pool-teknologi\\\/tips-om-pooler\\\/sandfilter\\\/\",\"url\":\"https:\\\/\\\/www.phuanita.com\\\/swe\\\/var-pool-teknologi\\\/tips-om-pooler\\\/sandfilter\\\/\",\"name\":\"Sandfilter - PHU Anita\",\"isPartOf\":{\"@id\":\"https:\\\/\\\/www.phuanita.com\\\/swe\\\/#website\"},\"datePublished\":\"2021-02-04T15:32:06+00:00\",\"dateModified\":\"2023-03-17T17:29:21+00:00\",\"breadcrumb\":{\"@id\":\"https:\\\/\\\/www.phuanita.com\\\/swe\\\/var-pool-teknologi\\\/tips-om-pooler\\\/sandfilter\\\/#breadcrumb\"},\"inLanguage\":\"en-US\",\"potentialAction\":[{\"@type\":\"ReadAction\",\"target\":[\"https:\\\/\\\/www.phuanita.com\\\/swe\\\/var-pool-teknologi\\\/tips-om-pooler\\\/sandfilter\\\/\"]}]},{\"@type\":\"BreadcrumbList\",\"@id\":\"https:\\\/\\\/www.phuanita.com\\\/swe\\\/var-pool-teknologi\\\/tips-om-pooler\\\/sandfilter\\\/#breadcrumb\",\"itemListElement\":[{\"@type\":\"ListItem\",\"position\":1,\"name\":\"Strona g\u0142\u00f3wna\",\"item\":\"https:\\\/\\\/www.phuanita.com\\\/swe\\\/\"},{\"@type\":\"ListItem\",\"position\":2,\"name\":\"V\u00e5r pool teknologi\",\"item\":\"https:\\\/\\\/www.phuanita.com\\\/swe\\\/var-pool-teknologi\\\/\"},{\"@type\":\"ListItem\",\"position\":3,\"name\":\"Tips om pooler\",\"item\":\"https:\\\/\\\/www.phuanita.com\\\/swe\\\/var-pool-teknologi\\\/tips-om-pooler\\\/\"},{\"@type\":\"ListItem\",\"position\":4,\"name\":\"Sandfilter\"}]},{\"@type\":\"WebSite\",\"@id\":\"https:\\\/\\\/www.phuanita.com\\\/swe\\\/#website\",\"url\":\"https:\\\/\\\/www.phuanita.com\\\/swe\\\/\",\"name\":\"PHU Anita\",\"description\":\"\",\"potentialAction\":[{\"@type\":\"SearchAction\",\"target\":{\"@type\":\"EntryPoint\",\"urlTemplate\":\"https:\\\/\\\/www.phuanita.com\\\/swe\\\/?s={search_term_string}\"},\"query-input\":{\"@type\":\"PropertyValueSpecification\",\"valueRequired\":true,\"valueName\":\"search_term_string\"}}],\"inLanguage\":\"en-US\"}]}<\/script>\n<!-- \/ Yoast SEO plugin. -->","yoast_head_json":{"title":"Sandfilter - PHU Anita","robots":{"index":"index","follow":"follow","max-snippet":"max-snippet:-1","max-image-preview":"max-image-preview:large","max-video-preview":"max-video-preview:-1"},"canonical":"https:\/\/www.phuanita.com\/swe\/var-pool-teknologi\/tips-om-pooler\/sandfilter\/","og_locale":"en_US","og_type":"article","og_title":"Sandfilter - PHU Anita","og_description":"(G\u00e4ller sandfilter fr\u00e5n PHU ANITA IMPORT-EXPORT; Swim-Tec) 1.FILTER (FILTERN)Den normala inst\u00e4llningen f\u00f6r filtret. Poolvattnet pumpas uppifr\u00e5n och ner genom sandfiltret och tillbaka till poolen. 2.BACKWASH (SPULEN)Denna inst\u00e4llning anv\u00e4nds f\u00f6r att spola rent filtret n\u00e4r det blir h\u00e5rt nedsmutsat. Poolvattnet pumpas in bakl\u00e4nges genom filtret och r\u00f6r upp sandb\u00e4dden s\u00e5 att f\u00f6roreningarna frig\u00f6rs och spolas ut [&hellip;]","og_url":"https:\/\/www.phuanita.com\/swe\/var-pool-teknologi\/tips-om-pooler\/sandfilter\/","og_site_name":"PHU Anita","article_modified_time":"2023-03-17T17:29:21+00:00","twitter_card":"summary_large_image","twitter_misc":{"Est. reading time":"3 minutes"},"schema":{"@context":"https:\/\/schema.org","@graph":[{"@type":"WebPage","@id":"https:\/\/www.phuanita.com\/swe\/var-pool-teknologi\/tips-om-pooler\/sandfilter\/","url":"https:\/\/www.phuanita.com\/swe\/var-pool-teknologi\/tips-om-pooler\/sandfilter\/","name":"Sandfilter - PHU Anita","isPartOf":{"@id":"https:\/\/www.phuanita.com\/swe\/#website"},"datePublished":"2021-02-04T15:32:06+00:00","dateModified":"2023-03-17T17:29:21+00:00","breadcrumb":{"@id":"https:\/\/www.phuanita.com\/swe\/var-pool-teknologi\/tips-om-pooler\/sandfilter\/#breadcrumb"},"inLanguage":"en-US","potentialAction":[{"@type":"ReadAction","target":["https:\/\/www.phuanita.com\/swe\/var-pool-teknologi\/tips-om-pooler\/sandfilter\/"]}]},{"@type":"BreadcrumbList","@id":"https:\/\/www.phuanita.com\/swe\/var-pool-teknologi\/tips-om-pooler\/sandfilter\/#breadcrumb","itemListElement":[{"@type":"ListItem","position":1,"name":"Strona g\u0142\u00f3wna","item":"https:\/\/www.phuanita.com\/swe\/"},{"@type":"ListItem","position":2,"name":"V\u00e5r pool teknologi","item":"https:\/\/www.phuanita.com\/swe\/var-pool-teknologi\/"},{"@type":"ListItem","position":3,"name":"Tips om pooler","item":"https:\/\/www.phuanita.com\/swe\/var-pool-teknologi\/tips-om-pooler\/"},{"@type":"ListItem","position":4,"name":"Sandfilter"}]},{"@type":"WebSite","@id":"https:\/\/www.phuanita.com\/swe\/#website","url":"https:\/\/www.phuanita.com\/swe\/","name":"PHU Anita","description":"","potentialAction":[{"@type":"SearchAction","target":{"@type":"EntryPoint","urlTemplate":"https:\/\/www.phuanita.com\/swe\/?s={search_term_string}"},"query-input":{"@type":"PropertyValueSpecification","valueRequired":true,"valueName":"search_term_string"}}],"inLanguage":"en-US"}]}},"_links":{"self":[{"href":"https:\/\/www.phuanita.com\/swe\/wp-json\/wp\/v2\/pages\/692","targetHints":{"allow":["GET"]}}],"collection":[{"href":"https:\/\/www.phuanita.com\/swe\/wp-json\/wp\/v2\/pages"}],"about":[{"href":"https:\/\/www.phuanita.com\/swe\/wp-json\/wp\/v2\/types\/page"}],"author":[{"embeddable":true,"href":"https:\/\/www.phuanita.com\/swe\/wp-json\/wp\/v2\/users\/1"}],"replies":[{"embeddable":true,"href":"https:\/\/www.phuanita.com\/swe\/wp-json\/wp\/v2\/comments?post=692"}],"version-history":[{"count":3,"href":"https:\/\/www.phuanita.com\/swe\/wp-json\/wp\/v2\/pages\/692\/revisions"}],"predecessor-version":[{"id":238301,"href":"https:\/\/www.phuanita.com\/swe\/wp-json\/wp\/v2\/pages\/692\/revisions\/238301"}],"up":[{"embeddable":true,"href":"https:\/\/www.phuanita.com\/swe\/wp-json\/wp\/v2\/pages\/69"}],"wp:attachment":[{"href":"https:\/\/www.phuanita.com\/swe\/wp-json\/wp\/v2\/media?parent=692"}],"wp:term":[{"taxonomy":"post_tag","embeddable":true,"href":"https:\/\/www.phuanita.com\/swe\/wp-json\/wp\/v2\/tags?post=692"}],"curies":[{"name":"wp","href":"https:\/\/api.w.org\/{rel}","templated":true}]}}